actors of 932.
2, 233
What are the prime factors of 30967?
173, 179
List the prime factors of 583.
11, 53
What are the prime factors of 1166?
2, 11, 53
What are the prime factors of 2490?
2, 3, 5, 83
List the prime factors of 2710.
2, 5, 271
List the prime factors of 43310.
2, 5, 61, 71
List the prime factors of 39121.
19, 29, 71
List the prime factors of 52364.
2, 13, 19, 53
List the prime factors of 32535.
3, 5, 241
What are the prime factors of 235?
5, 47
What are the prime factors of 63873?
3, 47, 151
What are the prime factors of 1967?
7, 281
List the prime factors of 1178.
2, 19, 31
List the prime factors of 241.
241
What are the prime factors of 19034?
2, 31, 307
List the prime factors of 25859.
19, 1361
What are the prime factors of 34398?
2, 3, 7, 13
What are the prime factors of 11401?
13, 877
What are the prime factors of 89207?
37, 2411
What are the prime factors of 1211?
7, 173
List the prime factors of 15543.
3, 11, 157
What are the prime factors of 73667?
11, 37, 181
List the prime factors of 18727.
61, 307
What are the prime factors of 20035?
5, 4007
List the prime factors of 3927.
3, 7, 11, 17
List the prime factors of 10459.
10459
What are the prime factors of 2595?
3, 5, 173
List the prime factors of 16755.
3, 5, 1117
What are the prime factors of 6468?
2, 3, 7, 11
What are the prime factors of 1232?
2, 7, 11
What are the prime factors of 2586?
2, 3, 431
List the prime factors of 6617.
13, 509
What are the prime factors of 1145?
5, 229
List the prime factors of 3417.
3, 17, 67
List the prime factors of 35672.
2, 7, 13
What are the prime factors of 79?
79
What are the prime factors of 1892?
2, 11, 43
List the prime factors of 10824.
2, 3, 11, 41
What are the prime factors of 7159?
7159
What are the prime factors of 4491?
3, 499
What are the prime factors of 932?
2, 233
List the prime factors of 65390.
2, 5, 13, 503
What are the prime factors of 2022?
2, 3, 337
List the prime factors of 4943.
4943
List the prime factors of 2998.
2, 1499
List the prime factors of 8815.
5, 41, 43
What are the prime factors of 7601?
11, 691
List the prime factors of 100602.
2, 3, 23
What are the prime factors of 454?
2, 227
What are the prime factors of 23271?
3, 7757
What are the prime factors of 17744?
2, 1109
List the prime factors of 419.
419
What are the prime factors of 86066?
2, 23, 1871
What are the prime factors of 1724?
2, 431
List the prime factors of 46240.
2, 5, 17
List the prime factors of 3971.
11, 19
What are the prime factors of 87896?
2, 10987
What are the prime factors of 431?
431
What are the prime factors of 35569?
35569
What are the prime factors of 9191?
7, 13, 101
What are the prime factors of 211?
211
What are the prime factors of 867?
3, 17
List the prime factors of 37.
37
What are the prime factors of 2133?
3, 79
List the prime factors of 6148.
2, 29, 53
List the prime factors of 1401.
3, 467
List the prime factors of 1103.
1103
What are the prime factors of 1577?
19, 83
What are the prime factors of 72808?
2, 19, 479
What are the prime factors of 4447?
4447
List the prime factors of 4511.
13, 347
What are the prime factors of 12090?
2, 3, 5, 13, 31
What are the prime factors of 9939?
3, 3313
List the prime factors of 25943.
25943
What are the prime factors of 7800?
2, 3, 5, 13
What are the prime factors of 1038?
2, 3, 173
List the prime factors of 2017.
2017
What are the prime factors of 11198?
2, 11, 509
What are the prime factors of 1000?
2, 5
List the prime factors of 9109.
9109
List the prime factors of 6016.
2, 47
What are the prime factors of 7848?
2, 3, 109
What are the prime factors of 90021?
3, 37, 811
List the prime factors of 2387.
7, 11, 31
What are the prime factors of 49745?
5, 9949
List the prime factors of 3745.
5, 7, 107
List the prime factors of 109145.
5, 83, 263
What are the prime factors of 9998?
2, 4999
List the prime factors of 100996.
2, 7, 3607
What are the prime factors of 29929?
173
List the prime factors of 8232.
2, 3, 7
What are the prime factors of 887?
887
List the prime factors of 35848.
2, 4481
What are the prime factors of 1684?
2, 421
What are the prime factors of 2651?
11, 241
List the prime factors of 10695.
3, 5, 23, 31
List the prime factors of 1398.
2, 3, 233
What are the prime factors of 4436?
2, 1109
What are the prime factors of 1391?
13, 107
List the prime factors of 124.
2, 31
List the prime factors of 3072.
2, 3
List the prime factors of 604.
2, 151
List the prime factors of 827.
827
List the prime factors of 2327.
13, 179
What are the prime factors of 50028?
2, 3, 11, 379
What are the prime factors of 1248?
2, 3, 13
List the prime factors of 4160.
2, 5, 13
What are the prime factors of 109?
109
List the prime factors of 3494.
2, 1747
List the prime factors of 790.
2, 5, 79
List the prime factors of 7246.
2, 3623
What are the prime factors of 4538?
2, 2269
List the prime factors of 2888.
2, 19
What are the prime factors of 33323?
47, 709
What are the prime factors of 15272?
2, 23, 83
List the prime factors of 756.
2, 3, 7
List the prime factors of 4673.
4673
List the prime factors of 123029.
17, 7237
What are the prime factors of 208438?
2, 89, 1171
List the prime factors of 552.
2, 3, 23
What are the prime factors of 3360?
2, 3, 5, 7
What are the prime factors of 89360?
2, 5, 1117
What are the prime factors of 2218?
2, 1109
List the prime factors of 1377.
3, 17
List the prime factors of 1384.
2, 173
What are the prime factors of 2579?
2579
What are the prime factors of 70696?
2, 8837
What are the prime factors of 5855?
5, 1171
What are the prime factors of 2481?
3, 827
List the prime factors of 67506.
2, 3, 11251
What are the prime factors of 1637?
1637
List the prime factors of 4899.
3, 23, 71
What are the prime factors of 8?
2
List the prime factors of 25574.
2, 19, 673
What are the prime factors of 33535?
5, 19, 353
List the prime factors of 99314.
2, 17, 23, 127
List the prime factors of 10412.
2, 19, 137
List the prime factors of 632.
2, 79
What are the prime factors of 3816?
2, 3, 53
List the prime factors of 25189.
25189
What are the prime factors of 5707?
13, 439
List the prime factors of 10581.
3, 3527
What are the prime factors of 9837?
3, 1093
List the prime factors of 2168.
2, 271
List the prime factors of 4929.
3, 31, 53
List the prime factors of 3141.
3, 349
What are the prime factors of 81648?
2, 3, 7
List the prime factors of 8511.
3, 2837
What are the prime factors of 259?
7, 37
List the prime factors of 25346.
2, 19, 23, 29
List the prime factors of 432.
2, 3
What are the prime factors of 14618?
2, 7309
List the prime factors of 23209.
23209
What are the prime factors of 1409?
1409
What are the prime factors of 518?
2, 7, 37
List the prime factors of 3514.
2, 7, 251
What are the prime factors of 155?
5, 31
What are the prime factors of 4464?
2, 3, 31
What are the prime factors of 12173?
7, 37, 47
What are the prime factors of 314?
2, 157
What are the prime factors of 11009?
101, 109
What are the prime factors of 11811?
3, 31, 127
List the prime factors of 39884.
2, 13, 59
What are the prime factors of 575?
5, 23
List the prime factors of 598.
2, 13, 23
List the prime factors of 2171.
13, 167
What are the prime factors of 423?
3, 47
List the prime factors of 100.
2, 5
List the prime factors of 3791.
17, 223
List the prime factors of 204.
2, 3, 17
List the prime factors of 1291.
1291
List the prime factors of 47973.
3, 15991
List the prime factors of 1682.
2, 29
What are the prime factors of 426?
2, 3, 71
List the prime factors of 752.
2, 47
List the prime factors of 10806.
2, 3, 1801
What are the prime factors of 631?
631
List the prime factors of 6285.
3, 5, 419
List the prime factors of 1336.
2, 167
What are the prime factors of 249?
3, 83
What are the prime factors of 3191?
3191
What are the prime factors of 1419?
3, 11, 43
List the prime factors of 2256.
2, 3, 47
List the prime factors of 63133.
7, 29, 311
What are the prime factors of 1710?
2, 3, 5, 19
List the prime factors of 37436.
2, 7, 191
List the prime factors of 31019.
31019
What are the prime factors of 37012?
2, 19, 487
List the prime factors of 40082.
2, 7, 409
What are the prime factors of 718?
2, 359
List the prime factors of 82517.
19, 43, 101
List the prime factors of 15336.
2, 3, 